ose -o - 411 = -2*f, 143*f = 146*f - 2*o - 614. Let y be -1 + 36 + 6/(-2). What is the highest common factor of f and y?
16
Let k be (-10 - 1)*(-403)/(-31). Let c = k - -168. Calculate the highest common divisor of 200 and c.
25
Suppose 63*p - 65*p + 3*s = -44, 2*p + 2*s - 64 = 0. Calculate the highest common divisor of p and 4466.
14
Let q(k) = 51*k**2 - k - 2. Let h be q(-2). Suppose -13*r + 2627 - 2471 = 0. What is the greatest common divisor of r and h?
12
Let y = -4791 - -4808. Calculate the greatest common divisor of 1853 and y.
17
Let t = -6 - -23. Let p = 4 - 22. Let x be 4 - 7 - (-2 + p). Calculate the highest common factor of t and x.
17
Let h(v) = 27*v - 1350. Let m be h(51). What is the greatest common divisor of m and 1179?
9
Let o be -3 + 71980/28 - (-25)/(175/2). What is the highest common factor of o and 24?
24
Let l = 750 + -1288. Let d = 863 + l. Let w be 1 + 6 + (3 - -3). Calculate the greatest common divisor of d and w.
13
Let k = -22769 - -22777. Let f(n) = 4*n**3 + 4*n**2 + 3*n - 4. Let o be f(4). What is the greatest common factor of o and k?
8
Let c(p) = -29*p + 178. Let h be c(3). Calculate the greatest common factor of h and 1768.
13
Let m(r) = -4*r**2 - 235*r - 666. Let s be m(-3). Suppose g = 2*j + 9, 0 = -4*g + g - 3*j. What is the greatest common divisor of g and s?
3
Let p(n) = 53*n**2 - 6*n - 7. Let s be p(-2). Let d = 225 - s. Calculate the greatest common factor of 40 and d.
8
Suppose -n = -0*n - 3. Suppose w = 5 - n. Suppose 0 = 4*l + 5*u - 13 - 80, 0 = -2*u + 2. Calculate the highest common divisor of w and l.
2
Let d = 423 - 56. Suppose 365*m - d*m + 116 = 0. Calculate the greatest common divisor of m and 406.
58
Let r = 11680 + -11414. Let w = 8 - 9. Let s(c) = 39*c**2 + c. Let k be s(w). Calculate the highest common divisor of k and r.
38
Let t be (-3 - -12)/((-11)/176). Let y = -140 - t. What is the greatest common factor of y and 92?
4
Let k(z) = -z**3 - 16*z**2 - 28*z - 23. Suppose 4*y - 2*i = -i - 64, -95 = 5*y - 5*i. Let u be k(y). What is the greatest common factor of 43 and u?
43
Suppose 3*w = 8*w - t - 7750, 0 = 4*t. Calculate the highest common divisor of w and 20.
10
Let u be (0 - 245/(-9)) + (-638)/2871. Suppose -3*p + p + 146 = -3*x, -388 = -5*p - 4*x. Let v = p + 167. What is the greatest common divisor of v and u?
27
Suppose -6*r + 10*r = -13*r + 6783. What is the highest common divisor of r and 3363?
57
Suppose x - 81 = 7. Let l be ((-6)/5)/(24/(-160)). Calculate the highest common factor of x and l.
8
Suppose 3*g - 31 = 53. Let t = 6495 - 6460. Calculate the greatest common divisor of t and g.
7
Let g = 1049 - 562. Let y = g + -283. What is the highest common divisor of y and 153?
51
Let t(r) = -667*r**2 + 230*r**2 + 7*r + 1 + 3 + 221*r**2 + 221*r**2. Suppose 4*i - 6 = 2*i. Let h be t(i). What is the greatest common factor of 10 and h?
10
Suppose -3*u = 12 - 15, 0 = 2*l + u - 369. Let w(n) = 2*n. Let b be w(4). What is the greatest common factor of b and l?
8
Let f be ((-921)/6 - (-4)/8)/(3/(-4)). Calculate the highest common divisor of 969 and f.
51
Let q(m) = -m**3 - 6*m**2 - 4*m - 14. Let d be q(-7). Let j(s) = s**2 - 6*s - 28. Let y be j(-5). What is the greatest common factor of y and d?
9
Let h = -74 - -79. Let y be -3 + h - (-8)/4 - -8. What is the highest common divisor of y and 348?
12
Let s = 446 + -246. Let d be -1*s/((-10)/2). Let o = 81 + -21. What is the greatest common factor of o and d?
20
Let j(t) = 5*t**2 + 12*t + 88. Let h be j(15). What is the greatest common factor of h and 21?
7
Suppose -5*h = 4*t - 243, -151 + 382 = 5*h - 2*t. Let c(s) = -205*s + 13. Let y be c(-2). Calculate the greatest common factor of h and y.
47
Suppose 0 = -g + 507 - 496. Suppose j = 34 + 43. What is the highest common divisor of j and g?
11
Suppose -12*l + 18122 = -16870. What is the greatest common divisor of l and 72?
36
Let o be (-1)/(-7)*7*536. Calculate the greatest common factor of o and 8.
8
Let t = 385 - 331. Suppose 84 = 33*p - 29*p. Let s = p - 15. Calculate the highest common factor of t and s.
6
Suppose 0*o - 2*o + 3*c + 3 = 0, 12 = o + 2*c. Let h = 21 + -27. Let n be 92/o + h/18. What is the highest common divisor of 15 and n?
15
Suppose 0 = -29*v - 12*v + 2898 - 766. What is the highest common divisor of 27638 and v?
26
Let m be 2*6*6825/90. What is the highest common factor of m and 350?
70
Let m be 18/(-117) + (-817)/13. Let j = m + 65. Suppose u + g - 79 = -j*u, 5*g + 137 = 4*u. Calculate the highest common divisor of 42 and u.
14
Let b be (10/75*-12)/((-2)/(-225)). Let q be (-100)/(-3)*b/(-120). Calculate the highest common factor of q and 20.
10
Suppose -284 = -y - 3*i, 87 = -2*y + 3*i + 718. Calculate the highest common factor of y and 1647.
61
Let m = -2789 + 2805. Calculate the greatest common factor of 38912 and m.
16
Let r be 21/(((-3)/1)/(-78*3/6)). What is the greatest common divisor of r and 147?
21
Let w(f) = 12*f**2 + 6. Let x be w(3). Let v = x - 104. Suppose v*g + 6 - 86 = 0. What is the highest common divisor of 1 and g?
1
Suppose -230 = -31*k + 700. Let s be -2 + (-6)/(-3) + -40. Let x = 170 - s. What is the highest common divisor of x and k?
30
Let w = -49 - -58. Let v be 5 + (w/(-3) - (0 - 1)). Suppose 0 = -v*l - 3*g + 4*g + 1, -5*l = -5*g + 15. What is the greatest common divisor of l and 2?
2
Let o = 29 + 7. Let a = -32 + o. Suppose 0*u + 2*u - 742 = 3*i, a*i = u - 366. What is the highest common divisor of 34 and u?
34
Suppose 17*r - 12377 = 1699. Let t be (-834)/(-8) - (r/(-48))/23. Let l be -6*1/(-2)*14. Calculate the highest common factor of t and l.
21
Let j(d) = 10602*d**2 - 23*d - 16. Let b be j(-1). What is the highest common divisor of b and 103?
103
Suppose 32*q + 43 + 21 = 0. Let a(z) = -87*z**3 + 10*z**2 + 5*z + 6. Let v be a(q). What is the highest common factor of 12 and v?
12
Let y(v) = 149*v - 3667. Let i be y(25). Calculate the highest common factor of i and 30218.
58
Suppose -30*u + 1593 = 4*g - 25*u, 3*g - 1201 = -5*u. Calculate the greatest common divisor of 1274 and g.
98
Let s(b) = -2*b**2 + 36*b + 11. Let q be s(22). Let a = q + 229. What is the highest common divisor of a and 192?
64
Let o be -1*(-12)/3 + 147 + 9. Suppose -4*i - 2*z = -410, 0*i + 2*i - 5*z - 175 = 0. What is the greatest common divisor of i and o?
20
Suppose 2*s + d = 26473, -155 = -d - 152. Calculate the highest common factor of 5 and s.
5
Let l(s) = 55*s + 347. Let z be l(-6). What is the highest common divisor of 7922 and z?
17
Let b be (8/4 + -3)*-3. Suppose 5*p = t - 20, -5 + 52 = b*t - 2*p. Let z = 3 + t. Calculate the highest common factor of 27 and z.
9
Suppose 4*l = -4*k + 8, k - l = 4*l + 2. Let r be 5/(5/353) - k. What is the highest common factor of 54 and r?
27
Suppose 4*o + 8 = -4*x, -5*x - 1 = 4. Let n be (o - (-6)/1) + -4. What is the highest common divisor of n and 23?
1
Suppose -5*s + 749 = -786. Suppose -4*f - 397 = -3*z, 387 = -3*f + z + 93. Let w = s + f. Calculate the highest common factor of 30 and w.
30
Suppose 612 = 7*t - 151. Suppose 107*k = t*k - 248. Calculate the greatest common divisor of k and 2.
2
Let m = -526 - -531. Let o(g) = 90*g - 20. Let u be o(m). Calculate the greatest common divisor of u and 344.
86
Suppose 1926 = 3*h + 3*h. Suppose 13*b - 30 - h = 0. What is the highest common factor of b and 18?
9
Suppose -33*h - 147 + 741 = 0. Calculate the highest common factor of 130 and h.
2
Let u be (7/2)/(4/8). Let m be 7*14/441 + (-799)/(-9). Let d = 166 - m. Calculate the highest common divisor of d and u.
7
Let f(r) be the second derivative of r**3/3 - 17*r**2 - 24*r. Let h be f(7). Let d = 23 + h. What is the highest common divisor of 3 and d?
3
Suppose 223 + 227 = 5*u. Let m = -1637 + 1673. Calculate the highest common divisor of m and u.
18
Let g(z) = -z**3 + 12*z**2 + 26*z + 40. Let t be g(14). Calculate the greatest common factor of 42 and t.
6
Suppose 26*l - 67925 = -69*l. Calculate the highest common divisor of 605 and l.
55
Let x be (-2)/(2/2034*(-8 + 2)). What is the highest common divisor of x and 3616?
113
Suppose 35*v - 14*v = -21. Let z(x) = 14*x**2. Let j be z(v). Calculate the greatest common factor of j and 126.
14
Let l be 15/5 - 24/(-3). Suppose 4*z = -3*a - 0*a + l, 0 = 4*z - 3*a - 5. Suppose -z*r = 2*r - 32.